{"id":395,"date":"2022-11-21T15:33:57","date_gmt":"2022-11-21T14:33:57","guid":{"rendered":"http:\/\/www.weck-aeby.ch\/acheter\/"},"modified":"2025-03-14T16:52:09","modified_gmt":"2025-03-14T15:52:09","slug":"kaufen","status":"publish","type":"page","link":"https:\/\/www.weck-aeby.ch\/de\/kaufen\/","title":{"rendered":"Ihre Immobilie kaufen"},"content":{"rendered":"<div class=\"wpb-content-wrapper\"><p>[vc_row full_width=&#8220;stretch_row&#8220; css=&#8220;.vc_custom_1681983602177{padding-top: 0px !important;}&#8220;][vc_column]<div class='liste pagi'><div class='row'><div class=\"pagination\"><span class=\"current\">1<\/span><\/div><\/div><\/div>[vc_column_text][casawp_properties posts_per_page=&#8220;15&#8243;][\/vc_column_text]<div class='liste pagi'><div class='row'><div class=\"pagination\"><span class=\"current\">1<\/span><\/div><\/div><\/div>[\/vc_column][\/vc_row]<\/p>\n<\/div>","protected":false},"excerpt":{"rendered":"<p>[vc_row full_width=&#8220;stretch_row&#8220; css=&#8220;.vc_custom_1681983602177{padding-top: 0px !important;}&#8220;][vc_column][vc_column_text][casawp_properties posts_per_page=&#8220;15&#8243;][\/vc_column_text][\/vc_column][\/vc_row]<\/p>\n","protected":false},"author":1,"featured_media":0,"parent":0,"menu_order":27,"comment_status":"closed","ping_status":"closed","template":"template-achat.php","meta":{"_acf_changed":false,"inline_featured_image":false,"footnotes":""},"class_list":["post-395","page","type-page","status-publish","hentry"],"acf":[],"yoast_head":"<!-- This site is optimized with the Yoast SEO plugin v25.8 - https:\/\/yoast.com\/wordpress\/plugins\/seo\/ -->\n<title>Ihre Immobilie kaufen | Weck, Aeby et Cie SA | Fribourg - Lausanne<\/title>\n<meta name=\"description\" content=\"Indiquez vos crit\u00e8res de recherche et d\u00e9couvrez les biens immobiliers disponibles correspondant \u00e0 votre requ\u00eate.\" \/>\n<meta name=\"robots\" content=\"index, follow, max-snippet:-1, max-image-preview:large, max-video-preview:-1\" \/>\n<link rel=\"canonical\" href=\"https:\/\/www.weck-aeby.ch\/de\/kaufen\/\" \/>\n<meta property=\"og:locale\" content=\"de_DE\" \/>\n<meta property=\"og:type\" content=\"article\" \/>\n<meta property=\"og:title\" content=\"Ihre Immobilie kaufen | Weck, Aeby et Cie SA | Fribourg - Lausanne\" \/>\n<meta property=\"og:description\" content=\"Indiquez vos crit\u00e8res de recherche et d\u00e9couvrez les biens immobiliers disponibles correspondant \u00e0 votre requ\u00eate.\" \/>\n<meta property=\"og:url\" content=\"https:\/\/www.weck-aeby.ch\/de\/kaufen\/\" \/>\n<meta property=\"og:site_name\" content=\"Weck, Aeby et Cie SA | Fribourg - Lausanne\" \/>\n<meta property=\"article:modified_time\" content=\"2025-03-14T15:52:09+00:00\" \/>\n<meta name=\"twitter:card\" content=\"summary_large_image\" \/>\n<meta name=\"twitter:label1\" content=\"Gesch\u00e4tzte Lesezeit\" \/>\n\t<meta name=\"twitter:data1\" content=\"1\u00a0Minute\" \/>\n<script type=\"application\/ld+json\" class=\"yoast-schema-graph\">{\"@context\":\"https:\/\/schema.org\",\"@graph\":[{\"@type\":\"WebPage\",\"@id\":\"https:\/\/www.weck-aeby.ch\/de\/kaufen\/\",\"url\":\"https:\/\/www.weck-aeby.ch\/de\/kaufen\/\",\"name\":\"Ihre Immobilie kaufen | Weck, Aeby et Cie SA | Fribourg - Lausanne\",\"isPartOf\":{\"@id\":\"https:\/\/www.weck-aeby.ch\/#website\"},\"datePublished\":\"2022-11-21T14:33:57+00:00\",\"dateModified\":\"2025-03-14T15:52:09+00:00\",\"description\":\"Indiquez vos crit\u00e8res de recherche et d\u00e9couvrez les biens immobiliers disponibles correspondant \u00e0 votre requ\u00eate.\",\"breadcrumb\":{\"@id\":\"https:\/\/www.weck-aeby.ch\/de\/kaufen\/#breadcrumb\"},\"inLanguage\":\"de\",\"potentialAction\":[{\"@type\":\"ReadAction\",\"target\":[\"https:\/\/www.weck-aeby.ch\/de\/kaufen\/\"]}]},{\"@type\":\"BreadcrumbList\",\"@id\":\"https:\/\/www.weck-aeby.ch\/de\/kaufen\/#breadcrumb\",\"itemListElement\":[{\"@type\":\"ListItem\",\"position\":1,\"name\":\"Accueil\",\"item\":\"https:\/\/www.weck-aeby.ch\/de\/\"},{\"@type\":\"ListItem\",\"position\":2,\"name\":\"Ihre Immobilie kaufen\"}]},{\"@type\":\"WebSite\",\"@id\":\"https:\/\/www.weck-aeby.ch\/#website\",\"url\":\"https:\/\/www.weck-aeby.ch\/\",\"name\":\"Weck, Aeby et Cie SA | Fribourg - Lausanne\",\"description\":\"\",\"potentialAction\":[{\"@type\":\"SearchAction\",\"target\":{\"@type\":\"EntryPoint\",\"urlTemplate\":\"https:\/\/www.weck-aeby.ch\/?s={search_term_string}\"},\"query-input\":{\"@type\":\"PropertyValueSpecification\",\"valueRequired\":true,\"valueName\":\"search_term_string\"}}],\"inLanguage\":\"de\"}]}<\/script>\n<!-- \/ Yoast SEO plugin. -->","yoast_head_json":{"title":"Ihre Immobilie kaufen | Weck, Aeby et Cie SA | Fribourg - Lausanne","description":"Indiquez vos crit\u00e8res de recherche et d\u00e9couvrez les biens immobiliers disponibles correspondant \u00e0 votre requ\u00eate.","robots":{"index":"index","follow":"follow","max-snippet":"max-snippet:-1","max-image-preview":"max-image-preview:large","max-video-preview":"max-video-preview:-1"},"canonical":"https:\/\/www.weck-aeby.ch\/de\/kaufen\/","og_locale":"de_DE","og_type":"article","og_title":"Ihre Immobilie kaufen | Weck, Aeby et Cie SA | Fribourg - Lausanne","og_description":"Indiquez vos crit\u00e8res de recherche et d\u00e9couvrez les biens immobiliers disponibles correspondant \u00e0 votre requ\u00eate.","og_url":"https:\/\/www.weck-aeby.ch\/de\/kaufen\/","og_site_name":"Weck, Aeby et Cie SA | Fribourg - Lausanne","article_modified_time":"2025-03-14T15:52:09+00:00","twitter_card":"summary_large_image","twitter_misc":{"Gesch\u00e4tzte Lesezeit":"1\u00a0Minute"},"schema":{"@context":"https:\/\/schema.org","@graph":[{"@type":"WebPage","@id":"https:\/\/www.weck-aeby.ch\/de\/kaufen\/","url":"https:\/\/www.weck-aeby.ch\/de\/kaufen\/","name":"Ihre Immobilie kaufen | Weck, Aeby et Cie SA | Fribourg - Lausanne","isPartOf":{"@id":"https:\/\/www.weck-aeby.ch\/#website"},"datePublished":"2022-11-21T14:33:57+00:00","dateModified":"2025-03-14T15:52:09+00:00","description":"Indiquez vos crit\u00e8res de recherche et d\u00e9couvrez les biens immobiliers disponibles correspondant \u00e0 votre requ\u00eate.","breadcrumb":{"@id":"https:\/\/www.weck-aeby.ch\/de\/kaufen\/#breadcrumb"},"inLanguage":"de","potentialAction":[{"@type":"ReadAction","target":["https:\/\/www.weck-aeby.ch\/de\/kaufen\/"]}]},{"@type":"BreadcrumbList","@id":"https:\/\/www.weck-aeby.ch\/de\/kaufen\/#breadcrumb","itemListElement":[{"@type":"ListItem","position":1,"name":"Accueil","item":"https:\/\/www.weck-aeby.ch\/de\/"},{"@type":"ListItem","position":2,"name":"Ihre Immobilie kaufen"}]},{"@type":"WebSite","@id":"https:\/\/www.weck-aeby.ch\/#website","url":"https:\/\/www.weck-aeby.ch\/","name":"Weck, Aeby et Cie SA | Fribourg - Lausanne","description":"","potentialAction":[{"@type":"SearchAction","target":{"@type":"EntryPoint","urlTemplate":"https:\/\/www.weck-aeby.ch\/?s={search_term_string}"},"query-input":{"@type":"PropertyValueSpecification","valueRequired":true,"valueName":"search_term_string"}}],"inLanguage":"de"}]}},"_links":{"self":[{"href":"https:\/\/www.weck-aeby.ch\/de\/wp-json\/wp\/v2\/pages\/395","targetHints":{"allow":["GET"]}}],"collection":[{"href":"https:\/\/www.weck-aeby.ch\/de\/wp-json\/wp\/v2\/pages"}],"about":[{"href":"https:\/\/www.weck-aeby.ch\/de\/wp-json\/wp\/v2\/types\/page"}],"author":[{"embeddable":true,"href":"https:\/\/www.weck-aeby.ch\/de\/wp-json\/wp\/v2\/users\/1"}],"replies":[{"embeddable":true,"href":"https:\/\/www.weck-aeby.ch\/de\/wp-json\/wp\/v2\/comments?post=395"}],"version-history":[{"count":12,"href":"https:\/\/www.weck-aeby.ch\/de\/wp-json\/wp\/v2\/pages\/395\/revisions"}],"predecessor-version":[{"id":4199,"href":"https:\/\/www.weck-aeby.ch\/de\/wp-json\/wp\/v2\/pages\/395\/revisions\/4199"}],"wp:attachment":[{"href":"https:\/\/www.weck-aeby.ch\/de\/wp-json\/wp\/v2\/media?parent=395"}],"curies":[{"name":"wp","href":"https:\/\/api.w.org\/{rel}","templated":true}]}}

<!-- This site is optimized with the Yoast SEO plugin v25.8 - https://yoast.com/wordpress/plugins/seo/ -->
<title>Ihre Immobilie kaufen | Weck, Aeby et Cie SA | Fribourg - Lausanne</title>
<meta name="description" content="Indiquez vos critères de recherche et découvrez les biens immobiliers disponibles correspondant à votre requête." />
<meta name="robots" content="index, follow, max-snippet:-1, max-image-preview:large, max-video-preview:-1" />
<link rel="canonical" href="https://www.weck-aeby.ch/de/kaufen/" />
<meta property="og:locale" content="de_DE" />
<meta property="og:type" content="article" />
<meta property="og:title" content="Ihre Immobilie kaufen | Weck, Aeby et Cie SA | Fribourg - Lausanne" />
<meta property="og:description" content="Indiquez vos critères de recherche et découvrez les biens immobiliers disponibles correspondant à votre requête." />
<meta property="og:url" content="https://www.weck-aeby.ch/de/kaufen/" />
<meta property="og:site_name" content="Weck, Aeby et Cie SA | Fribourg - Lausanne" />
<meta property="article:modified_time" content="2025-03-14T15:52:09+00:00" />
<meta name="twitter:card" content="summary_large_image" />
<meta name="twitter:label1" content="Geschätzte Lesezeit" />
	<meta name="twitter:data1" content="1 Minute" />
<script type="application/ld+json" class="yoast-schema-graph">{"@context":"https://schema.org","@graph":[{"@type":"WebPage","@id":"https://www.weck-aeby.ch/de/kaufen/","url":"https://www.weck-aeby.ch/de/kaufen/","name":"Ihre Immobilie kaufen | Weck, Aeby et Cie SA | Fribourg - Lausanne","isPartOf":{"@id":"https://www.weck-aeby.ch/#website"},"datePublished":"2022-11-21T14:33:57+00:00","dateModified":"2025-03-14T15:52:09+00:00","description":"Indiquez vos critères de recherche et découvrez les biens immobiliers disponibles correspondant à votre requête.","breadcrumb":{"@id":"https://www.weck-aeby.ch/de/kaufen/#breadcrumb"},"inLanguage":"de","potentialAction":[{"@type":"ReadAction","target":["https://www.weck-aeby.ch/de/kaufen/"]}]},{"@type":"BreadcrumbList","@id":"https://www.weck-aeby.ch/de/kaufen/#breadcrumb","itemListElement":[{"@type":"ListItem","position":1,"name":"Accueil","item":"https://www.weck-aeby.ch/de/"},{"@type":"ListItem","position":2,"name":"Ihre Immobilie kaufen"}]},{"@type":"WebSite","@id":"https://www.weck-aeby.ch/#website","url":"https://www.weck-aeby.ch/","name":"Weck, Aeby et Cie SA | Fribourg - Lausanne","description":"","potentialAction":[{"@type":"SearchAction","target":{"@type":"EntryPoint","urlTemplate":"https://www.weck-aeby.ch/?s={search_term_string}"},"query-input":{"@type":"PropertyValueSpecification","valueRequired":true,"valueName":"search_term_string"}}],"inLanguage":"de"}]}</script>
<!-- / Yoast SEO plugin. -->

Indiquez vos critères de recherche et découvrez les biens immobiliers disponibles correspondant à votre requête.
