{"id":383,"date":"2022-12-07T15:06:41","date_gmt":"2022-12-07T14:06:41","guid":{"rendered":"http:\/\/www.weck-aeby.ch\/a-propos\/qui-sommes-nous\/"},"modified":"2023-03-15T15:09:54","modified_gmt":"2023-03-15T14:09:54","slug":"unser-unternehmen","status":"publish","type":"page","link":"https:\/\/www.weck-aeby.ch\/de\/ueber-uns\/unser-unternehmen\/","title":{"rendered":"Unser Unternehmen"},"content":{"rendered":"<div class=\"wpb-content-wrapper\"><p>[vc_row][vc_column][vc_row_inner][vc_column_inner width=&#8220;4\/12&#8243;][vc_column_text]<\/p>\n<h3>GESTERN<\/h3>\n<p>[\/vc_column_text][\/vc_column_inner][vc_column_inner width=&#8220;8\/12&#8243;][vc_column_text]Weck-Aeby wurde 1867 von Hippolyte de Weck und Paul Aeby als Privatbank in Freiburg gegr\u00fcndet und hat eine Geschichte, die mit der wirtschaftlichen Entwicklung des Kantons einhergeht. Es war eine andere Zeit: Die Stadt Freiburg hatte nur 8.000 Einwohner und die regionale Wirtschaftst\u00e4tigkeit war im wesentlichen landwirtschaftlich, mit einigen kleinen Fabriken; der Handel war unterentwickelt und die Industrie fehlte. Trotz des guten Willens l\u00e4hmte die Knappheit jede Initiative.<\/p>\n<p>Im Bewusstsein dieses Handicaps widmeten die beiden Gr\u00fcnder ihre ganze Energie der Kreditvergabe, um Investitionen zu aktivieren und die gesamte Wirtschaft zu stimulieren. Diese Vordenker spielten auch bei der Entwicklung der Eisenbahnen in der Westschweiz eine sehr wichtige Rolle.<\/p>\n<p>1953 \u00fcbertrug WECK, AEBY &amp; CIE ihre Bankgesch\u00e4fte auf die UBS und widmete sich fortan ausschlie\u00dflich der Immobilienverwaltung.[\/vc_column_text][\/vc_column_inner][\/vc_row_inner][vc_row_inner][vc_column_inner width=&#8220;4\/12&#8243;][vc_column_text]<\/p>\n<h3>HEUTE<\/h3>\n<p>[\/vc_column_text][\/vc_column_inner][vc_column_inner width=&#8220;8\/12&#8243;][vc_column_text]Das Immobilienbewirtschaftung steht im Mittelpunkt der Kompetenz von WECK-AEBY. Unsere Marktkenntnis und langj\u00e4hrige Erfahrung sind die Garantie f\u00fcr eine professionelle und effiziente Verwaltung Ihres Verm\u00f6gens, sei es bei der Bewirtschaftung von Geb\u00e4uden (Wohn- und Gewerbeliegenschaften) oder bei der Verwaltung von STWEG. Im Falle eines Kaufs oder Verkaufs k\u00f6nnen Sie sich an unsere Spezialisten f\u00fcr Bewertungen und Vermittlungen wenden.<\/p>\n<p>Das Management von Einkaufszentren erfordert besondere F\u00e4higkeiten, die WECK-AEBY mit seiner Abteilung CENTER MANAGEMENT \u00fcber viele Jahre im ganzen Land entwickelt hat.<\/p>\n<p>Mit rund f\u00fcnfzig Mitarbeitern und F\u00fchrungskr\u00e4ften mit eidgen\u00f6ssischen Diplomen in den Bereichen Immobilien, Rechnungswesen und Finanzen, setzt das WECK-AEBY Team alles daran, f\u00fcr jeden einzelnen Kunden eine individuelle Betreuung anzubieten. Die unterschiedlichen Sprachkenntnisse der Mitarbeiter erm\u00f6glichen es, alle Anfragen in Franz\u00f6sisch, Deutsch, Englisch und Italienisch zu beantworten.<\/p>\n<p>WECK-AEBY ist Mitglied der Schweizerischen Vereinigung der Immobilienfachleute (USPI), der Kammer der zertifizierten Immobilienverwalter (ARCID), der Schweizerischen Kammer der Experten in Immobilienbewertungen (CEI) und des Internationalen Verbands der Immobilienberufe (FIABCI).[\/vc_column_text][\/vc_column_inner][\/vc_row_inner][\/vc_column][\/vc_row]<\/p>\n<\/div>","protected":false},"excerpt":{"rendered":"<p>[vc_row][vc_column][vc_row_inner][vc_column_inner width=&#8220;4\/12&#8243;][vc_column_text] GESTERN [\/vc_column_text][\/vc_column_inner][vc_column_inner width=&#8220;8\/12&#8243;][vc_column_text]Weck-Aeby wurde 1867 von Hippolyte de Weck und Paul Aeby als Privatbank in Freiburg gegr\u00fcndet und hat eine Geschichte, die mit der wirtschaftlichen Entwicklung des Kantons einhergeht. Es war eine andere Zeit: Die Stadt Freiburg hatte nur 8.000 Einwohner und die regionale Wirtschaftst\u00e4tigkeit war im wesentlichen landwirtschaftlich, mit einigen kleinen Fabriken; [&hellip;]<\/p>\n","protected":false},"author":1,"featured_media":0,"parent":371,"menu_order":7,"comment_status":"closed","ping_status":"closed","template":"","meta":{"_acf_changed":false,"inline_featured_image":false,"footnotes":""},"class_list":["post-383","page","type-page","status-publish","hentry"],"acf":[],"yoast_head":"<!-- This site is optimized with the Yoast SEO plugin v25.8 - https:\/\/yoast.com\/wordpress\/plugins\/seo\/ -->\n<title>Unser Unternehmen | Weck, Aeby et Cie SA | Fribourg - Lausanne<\/title>\n<meta name=\"description\" content=\"WECK, AEBY &amp; CIE SA ist verantwortlich f\u00fcr die gesamte Immobilienverwaltung, -vermittlung und STWEG verwaltung.\" \/>\n<meta name=\"robots\" content=\"index, follow, max-snippet:-1, max-image-preview:large, max-video-preview:-1\" \/>\n<link rel=\"canonical\" href=\"https:\/\/www.weck-aeby.ch\/de\/ueber-uns\/unser-unternehmen\/\" \/>\n<meta property=\"og:locale\" content=\"de_DE\" \/>\n<meta property=\"og:type\" content=\"article\" \/>\n<meta property=\"og:title\" content=\"Unser Unternehmen | Weck, Aeby et Cie SA | Fribourg - Lausanne\" \/>\n<meta property=\"og:description\" content=\"WECK, AEBY &amp; CIE SA ist verantwortlich f\u00fcr die gesamte Immobilienverwaltung, -vermittlung und STWEG verwaltung.\" \/>\n<meta property=\"og:url\" content=\"https:\/\/www.weck-aeby.ch\/de\/ueber-uns\/unser-unternehmen\/\" \/>\n<meta property=\"og:site_name\" content=\"Weck, Aeby et Cie SA | Fribourg - Lausanne\" \/>\n<meta property=\"article:modified_time\" content=\"2023-03-15T14:09:54+00:00\" \/>\n<meta name=\"twitter:card\" content=\"summary_large_image\" \/>\n<meta name=\"twitter:label1\" content=\"Gesch\u00e4tzte Lesezeit\" \/>\n\t<meta name=\"twitter:data1\" content=\"2\u00a0Minuten\" \/>\n<script type=\"application\/ld+json\" class=\"yoast-schema-graph\">{\"@context\":\"https:\/\/schema.org\",\"@graph\":[{\"@type\":\"WebPage\",\"@id\":\"https:\/\/www.weck-aeby.ch\/de\/ueber-uns\/unser-unternehmen\/\",\"url\":\"https:\/\/www.weck-aeby.ch\/de\/ueber-uns\/unser-unternehmen\/\",\"name\":\"Unser Unternehmen | Weck, Aeby et Cie SA | Fribourg - Lausanne\",\"isPartOf\":{\"@id\":\"https:\/\/www.weck-aeby.ch\/#website\"},\"datePublished\":\"2022-12-07T14:06:41+00:00\",\"dateModified\":\"2023-03-15T14:09:54+00:00\",\"description\":\"WECK, AEBY & CIE SA ist verantwortlich f\u00fcr die gesamte Immobilienverwaltung, -vermittlung und STWEG verwaltung.\",\"breadcrumb\":{\"@id\":\"https:\/\/www.weck-aeby.ch\/de\/ueber-uns\/unser-unternehmen\/#breadcrumb\"},\"inLanguage\":\"de\",\"potentialAction\":[{\"@type\":\"ReadAction\",\"target\":[\"https:\/\/www.weck-aeby.ch\/de\/ueber-uns\/unser-unternehmen\/\"]}]},{\"@type\":\"BreadcrumbList\",\"@id\":\"https:\/\/www.weck-aeby.ch\/de\/ueber-uns\/unser-unternehmen\/#breadcrumb\",\"itemListElement\":[{\"@type\":\"ListItem\",\"position\":1,\"name\":\"Accueil\",\"item\":\"https:\/\/www.weck-aeby.ch\/de\/\"},{\"@type\":\"ListItem\",\"position\":2,\"name\":\"\u00dcber uns\",\"item\":\"https:\/\/www.weck-aeby.ch\/de\/ueber-uns\/\"},{\"@type\":\"ListItem\",\"position\":3,\"name\":\"Unser Unternehmen\"}]},{\"@type\":\"WebSite\",\"@id\":\"https:\/\/www.weck-aeby.ch\/#website\",\"url\":\"https:\/\/www.weck-aeby.ch\/\",\"name\":\"Weck, Aeby et Cie SA | Fribourg - Lausanne\",\"description\":\"\",\"potentialAction\":[{\"@type\":\"SearchAction\",\"target\":{\"@type\":\"EntryPoint\",\"urlTemplate\":\"https:\/\/www.weck-aeby.ch\/?s={search_term_string}\"},\"query-input\":{\"@type\":\"PropertyValueSpecification\",\"valueRequired\":true,\"valueName\":\"search_term_string\"}}],\"inLanguage\":\"de\"}]}<\/script>\n<!-- \/ Yoast SEO plugin. -->","yoast_head_json":{"title":"Unser Unternehmen | Weck, Aeby et Cie SA | Fribourg - Lausanne","description":"WECK, AEBY & CIE SA ist verantwortlich f\u00fcr die gesamte Immobilienverwaltung, -vermittlung und STWEG verwaltung.","robots":{"index":"index","follow":"follow","max-snippet":"max-snippet:-1","max-image-preview":"max-image-preview:large","max-video-preview":"max-video-preview:-1"},"canonical":"https:\/\/www.weck-aeby.ch\/de\/ueber-uns\/unser-unternehmen\/","og_locale":"de_DE","og_type":"article","og_title":"Unser Unternehmen | Weck, Aeby et Cie SA | Fribourg - Lausanne","og_description":"WECK, AEBY & CIE SA ist verantwortlich f\u00fcr die gesamte Immobilienverwaltung, -vermittlung und STWEG verwaltung.","og_url":"https:\/\/www.weck-aeby.ch\/de\/ueber-uns\/unser-unternehmen\/","og_site_name":"Weck, Aeby et Cie SA | Fribourg - Lausanne","article_modified_time":"2023-03-15T14:09:54+00:00","twitter_card":"summary_large_image","twitter_misc":{"Gesch\u00e4tzte Lesezeit":"2\u00a0Minuten"},"schema":{"@context":"https:\/\/schema.org","@graph":[{"@type":"WebPage","@id":"https:\/\/www.weck-aeby.ch\/de\/ueber-uns\/unser-unternehmen\/","url":"https:\/\/www.weck-aeby.ch\/de\/ueber-uns\/unser-unternehmen\/","name":"Unser Unternehmen | Weck, Aeby et Cie SA | Fribourg - Lausanne","isPartOf":{"@id":"https:\/\/www.weck-aeby.ch\/#website"},"datePublished":"2022-12-07T14:06:41+00:00","dateModified":"2023-03-15T14:09:54+00:00","description":"WECK, AEBY & CIE SA ist verantwortlich f\u00fcr die gesamte Immobilienverwaltung, -vermittlung und STWEG verwaltung.","breadcrumb":{"@id":"https:\/\/www.weck-aeby.ch\/de\/ueber-uns\/unser-unternehmen\/#breadcrumb"},"inLanguage":"de","potentialAction":[{"@type":"ReadAction","target":["https:\/\/www.weck-aeby.ch\/de\/ueber-uns\/unser-unternehmen\/"]}]},{"@type":"BreadcrumbList","@id":"https:\/\/www.weck-aeby.ch\/de\/ueber-uns\/unser-unternehmen\/#breadcrumb","itemListElement":[{"@type":"ListItem","position":1,"name":"Accueil","item":"https:\/\/www.weck-aeby.ch\/de\/"},{"@type":"ListItem","position":2,"name":"\u00dcber uns","item":"https:\/\/www.weck-aeby.ch\/de\/ueber-uns\/"},{"@type":"ListItem","position":3,"name":"Unser Unternehmen"}]},{"@type":"WebSite","@id":"https:\/\/www.weck-aeby.ch\/#website","url":"https:\/\/www.weck-aeby.ch\/","name":"Weck, Aeby et Cie SA | Fribourg - Lausanne","description":"","potentialAction":[{"@type":"SearchAction","target":{"@type":"EntryPoint","urlTemplate":"https:\/\/www.weck-aeby.ch\/?s={search_term_string}"},"query-input":{"@type":"PropertyValueSpecification","valueRequired":true,"valueName":"search_term_string"}}],"inLanguage":"de"}]}},"_links":{"self":[{"href":"https:\/\/www.weck-aeby.ch\/de\/wp-json\/wp\/v2\/pages\/383","targetHints":{"allow":["GET"]}}],"collection":[{"href":"https:\/\/www.weck-aeby.ch\/de\/wp-json\/wp\/v2\/pages"}],"about":[{"href":"https:\/\/www.weck-aeby.ch\/de\/wp-json\/wp\/v2\/types\/page"}],"author":[{"embeddable":true,"href":"https:\/\/www.weck-aeby.ch\/de\/wp-json\/wp\/v2\/users\/1"}],"replies":[{"embeddable":true,"href":"https:\/\/www.weck-aeby.ch\/de\/wp-json\/wp\/v2\/comments?post=383"}],"version-history":[{"count":9,"href":"https:\/\/www.weck-aeby.ch\/de\/wp-json\/wp\/v2\/pages\/383\/revisions"}],"predecessor-version":[{"id":1314,"href":"https:\/\/www.weck-aeby.ch\/de\/wp-json\/wp\/v2\/pages\/383\/revisions\/1314"}],"up":[{"embeddable":true,"href":"https:\/\/www.weck-aeby.ch\/de\/wp-json\/wp\/v2\/pages\/371"}],"wp:attachment":[{"href":"https:\/\/www.weck-aeby.ch\/de\/wp-json\/wp\/v2\/media?parent=383"}],"curies":[{"name":"wp","href":"https:\/\/api.w.org\/{rel}","templated":true}]}}

<div class="wpb-content-wrapper"><p>[vc_row][vc_column][vc_row_inner][vc_column_inner width=&#8220;4/12&#8243;][vc_column_text]</p>
<h3>GESTERN</h3>
<p>[/vc_column_text][/vc_column_inner][vc_column_inner width=&#8220;8/12&#8243;][vc_column_text]Weck-Aeby wurde 1867 von Hippolyte de Weck und Paul Aeby als Privatbank in Freiburg gegründet und hat eine Geschichte, die mit der wirtschaftlichen Entwicklung des Kantons einhergeht. Es war eine andere Zeit: Die Stadt Freiburg hatte nur 8.000 Einwohner und die regionale Wirtschaftstätigkeit war im wesentlichen landwirtschaftlich, mit einigen kleinen Fabriken; der Handel war unterentwickelt und die Industrie fehlte. Trotz des guten Willens lähmte die Knappheit jede Initiative.</p>
<p>Im Bewusstsein dieses Handicaps widmeten die beiden Gründer ihre ganze Energie der Kreditvergabe, um Investitionen zu aktivieren und die gesamte Wirtschaft zu stimulieren. Diese Vordenker spielten auch bei der Entwicklung der Eisenbahnen in der Westschweiz eine sehr wichtige Rolle.</p>
<p>1953 übertrug WECK, AEBY &amp; CIE ihre Bankgeschäfte auf die UBS und widmete sich fortan ausschließlich der Immobilienverwaltung.[/vc_column_text][/vc_column_inner][/vc_row_inner][vc_row_inner][vc_column_inner width=&#8220;4/12&#8243;][vc_column_text]</p>
<h3>HEUTE</h3>
<p>[/vc_column_text][/vc_column_inner][vc_column_inner width=&#8220;8/12&#8243;][vc_column_text]Das Immobilienbewirtschaftung steht im Mittelpunkt der Kompetenz von WECK-AEBY. Unsere Marktkenntnis und langjährige Erfahrung sind die Garantie für eine professionelle und effiziente Verwaltung Ihres Vermögens, sei es bei der Bewirtschaftung von Gebäuden (Wohn- und Gewerbeliegenschaften) oder bei der Verwaltung von STWEG. Im Falle eines Kaufs oder Verkaufs können Sie sich an unsere Spezialisten für Bewertungen und Vermittlungen wenden.</p>
<p>Das Management von Einkaufszentren erfordert besondere Fähigkeiten, die WECK-AEBY mit seiner Abteilung CENTER MANAGEMENT über viele Jahre im ganzen Land entwickelt hat.</p>
<p>Mit rund fünfzig Mitarbeitern und Führungskräften mit eidgenössischen Diplomen in den Bereichen Immobilien, Rechnungswesen und Finanzen, setzt das WECK-AEBY Team alles daran, für jeden einzelnen Kunden eine individuelle Betreuung anzubieten. Die unterschiedlichen Sprachkenntnisse der Mitarbeiter ermöglichen es, alle Anfragen in Französisch, Deutsch, Englisch und Italienisch zu beantworten.</p>
<p>WECK-AEBY ist Mitglied der Schweizerischen Vereinigung der Immobilienfachleute (USPI), der Kammer der zertifizierten Immobilienverwalter (ARCID), der Schweizerischen Kammer der Experten in Immobilienbewertungen (CEI) und des Internationalen Verbands der Immobilienberufe (FIABCI).[/vc_column_text][/vc_column_inner][/vc_row_inner][/vc_column][/vc_row]</p>
</div>

<p>[vc_row][vc_column][vc_row_inner][vc_column_inner width=&#8220;4/12&#8243;][vc_column_text] GESTERN [/vc_column_text][/vc_column_inner][vc_column_inner width=&#8220;8/12&#8243;][vc_column_text]Weck-Aeby wurde 1867 von Hippolyte de Weck und Paul Aeby als Privatbank in Freiburg gegründet und hat eine Geschichte, die mit der wirtschaftlichen Entwicklung des Kantons einhergeht. Es war eine andere Zeit: Die Stadt Freiburg hatte nur 8.000 Einwohner und die regionale Wirtschaftstätigkeit war im wesentlichen landwirtschaftlich, mit einigen kleinen Fabriken; [&hellip;]</p>

<!-- This site is optimized with the Yoast SEO plugin v25.8 - https://yoast.com/wordpress/plugins/seo/ -->
<title>Unser Unternehmen | Weck, Aeby et Cie SA | Fribourg - Lausanne</title>
<meta name="description" content="WECK, AEBY &amp; CIE SA ist verantwortlich für die gesamte Immobilienverwaltung, -vermittlung und STWEG verwaltung." />
<meta name="robots" content="index, follow, max-snippet:-1, max-image-preview:large, max-video-preview:-1" />
<link rel="canonical" href="https://www.weck-aeby.ch/de/ueber-uns/unser-unternehmen/" />
<meta property="og:locale" content="de_DE" />
<meta property="og:type" content="article" />
<meta property="og:title" content="Unser Unternehmen | Weck, Aeby et Cie SA | Fribourg - Lausanne" />
<meta property="og:description" content="WECK, AEBY &amp; CIE SA ist verantwortlich für die gesamte Immobilienverwaltung, -vermittlung und STWEG verwaltung." />
<meta property="og:url" content="https://www.weck-aeby.ch/de/ueber-uns/unser-unternehmen/" />
<meta property="og:site_name" content="Weck, Aeby et Cie SA | Fribourg - Lausanne" />
<meta property="article:modified_time" content="2023-03-15T14:09:54+00:00" />
<meta name="twitter:card" content="summary_large_image" />
<meta name="twitter:label1" content="Geschätzte Lesezeit" />
	<meta name="twitter:data1" content="2 Minuten" />
<script type="application/ld+json" class="yoast-schema-graph">{"@context":"https://schema.org","@graph":[{"@type":"WebPage","@id":"https://www.weck-aeby.ch/de/ueber-uns/unser-unternehmen/","url":"https://www.weck-aeby.ch/de/ueber-uns/unser-unternehmen/","name":"Unser Unternehmen | Weck, Aeby et Cie SA | Fribourg - Lausanne","isPartOf":{"@id":"https://www.weck-aeby.ch/#website"},"datePublished":"2022-12-07T14:06:41+00:00","dateModified":"2023-03-15T14:09:54+00:00","description":"WECK, AEBY & CIE SA ist verantwortlich für die gesamte Immobilienverwaltung, -vermittlung und STWEG verwaltung.","breadcrumb":{"@id":"https://www.weck-aeby.ch/de/ueber-uns/unser-unternehmen/#breadcrumb"},"inLanguage":"de","potentialAction":[{"@type":"ReadAction","target":["https://www.weck-aeby.ch/de/ueber-uns/unser-unternehmen/"]}]},{"@type":"BreadcrumbList","@id":"https://www.weck-aeby.ch/de/ueber-uns/unser-unternehmen/#breadcrumb","itemListElement":[{"@type":"ListItem","position":1,"name":"Accueil","item":"https://www.weck-aeby.ch/de/"},{"@type":"ListItem","position":2,"name":"Über uns","item":"https://www.weck-aeby.ch/de/ueber-uns/"},{"@type":"ListItem","position":3,"name":"Unser Unternehmen"}]},{"@type":"WebSite","@id":"https://www.weck-aeby.ch/#website","url":"https://www.weck-aeby.ch/","name":"Weck, Aeby et Cie SA | Fribourg - Lausanne","description":"","potentialAction":[{"@type":"SearchAction","target":{"@type":"EntryPoint","urlTemplate":"https://www.weck-aeby.ch/?s={search_term_string}"},"query-input":{"@type":"PropertyValueSpecification","valueRequired":true,"valueName":"search_term_string"}}],"inLanguage":"de"}]}</script>
<!-- / Yoast SEO plugin. -->

WECK, AEBY & CIE SA ist verantwortlich für die gesamte Immobilienverwaltung, -vermittlung und STWEG verwaltung.

Über uns
